et g = 19 - 15. Suppose -4*s = 3*d + 28 + g, -d = -4*s. Give w(d).
5
Let c(k) = 2*k + 4. Let y = -606 - -611. Calculate c(y).
14
Let a be (8/10)/(14/70). Let j = -13 + 21. Suppose 0 = -a*u - j. Let b(c) = -2*c**2 - 2*c - 1. Determine b(u).
-5
Let p(c) = -14*c**3 + 3*c**2 + c - 1. Let y be p(-1). Let r(d) = -d**3 + 15*d**2 - 9. Calculate r(y).
-9
Let b(z) be the first derivative of z**4/12 - z**3/6 + 3*z**2/2 + 32*z - 13. Let p(j) be the first derivative of b(j). Calculate p(0).
3
Let x(m) = m**2 - 2*m - 3. Let k(l) = 4*l**2 - 33. Let a(b) = k(b) - 5*x(b). Determine a(8).
-2
Suppose 0 = -3*w + 8*w - 55. Let m(o) = 8*o - 9. Let r(i) = 4*i - 5. Let b(n) = w*r(n) - 6*m(n). Calculate b(1).
-5
Let l = 13/11 - -7/22. Let u(j) be the first derivative of 3 - 2*j + l*j**2 - 2/3*j**3. Give u(2).
-4
Suppose -12 = 4*n, 5*n - 6*n = 5*d - 22. Let p(i) be the third derivative of i**5/60 - 5*i**4/24 - i**3/3 + 60*i**2. Determine p(d).
-2
Let x(v) = 2*v + 20. Let t = 898 - 912. Calculate x(t).
-8
Suppose 2*m = -158 + 142. Let u(o) = -o**2 - 16*o - 6. What is u(m)?
58
Suppose -3*w + 8*w - 10 = 0. Suppose -w*b = 4*o - 22, 4*o - b - 18 = b. Let h(j) = 74*j**2 + 2*j**3 - 71*j**2 - j**3 + o*j + 2. What is h(-3)?
-13
Let f(x) = 2*x**3 + 15*x**2 - 26. Let o = 34 - 21. Let q(j) = -j**3 - 7*j**2 + 13. Let w(c) = o*q(c) + 6*f(c). Determine w(0).
13
Suppose 5*k = -5*u + 10, 3 = -2*u + 2*k - 13. Let f(y) = 4*y - 1. Determine f(u).
-13
Let u(y) = 2*y**2 - 16*y + 4 + 4 - 1 + 4 + 4. Give u(7).
1
Let z(s) = s**3 + 7*s**2 - s - 2. Let m be z(-6). Let r be 10/(-3)*(-48)/m. Let o(h) = -3*h + 4*h + 0*h - 3. Determine o(r).
1
Let h(b) = 10*b - 12. Let u be h(1). Let y(q) = -q**3 + q**2 + 4*q + 2. What is y(u)?
6
Let i(r) = r**3 + 12*r**2 + 12*r + 16. Let f = 19 + -30. Let y be i(f). Suppose -5 = y*a, -3 = -v + a + 2*a. Let t(q) = q**3 - q**2 + q + 1. Give t(v).
1
Let h(m) = m**3 + 9*m**2 + m + 7. Let l be h(-9). Let o(v) = v**3 + 9*v**2 - 9*v + 10. Let k be o(-10). Let n = l + k. Let z(b) = b**3 + 3*b + 2. Give z(n).
-12
Let w(x) = x**3 + x**2 + 111*x + 6*x**2 - 110*x. Calculate w(-7).
-7
Let s(k) = -9*k - 42*k**2 + 86*k**2 - 44 - 12*k - 45*k**2. What is s(-19)?
-6
Let j(s) = s**3 + 3*s**2 - s + 4. Let w(q) = -16*q - 35. Let p be w(-2). Give j(p).
7
Let v(m) = 3*m - 4. Suppose 24 = -54*k + 58*k. Give v(k).
14
Let m(q) = -q**3 - 7*q**2 + 5. Suppose 2*g + 5*h = -61, -h + 2 = -g - 18. Let y = g + 16. What is m(y)?
5
Suppose -680 + 230 = 75*v. Let j(s) be the third derivative of 0*s + 0 + 3/8*s**4 + s**2 + 2/3*s**3 + 1/60*s**5. What is j(v)?
-14
Let m(v) be the third derivative of v**7/840 - v**6/72 - 7*v**4/24 + 19*v**3/6 - 14*v**2. Let y(u) be the first derivative of m(u). Calculate y(5).
-7
Let z(v) be the first derivative of -v**3/3 - 2*v**2 + v - 267. Give z(-4).
1
Let d(q) = -q**2 - 2*q - 1. Let f = 307 + -463. Let i = f - -152. Give d(i).
-9
Let l(v) be the first derivative of 3*v**2/2 + 9*v + 112. Determine l(-7).
-12
Let y(v) = -20*v**2 + 43*v - 14. Let c(i) = 7*i**2 - 15*i + 5. Let n(x) = 17*c(x) + 6*y(x). What is n(5)?
-9
Let n(t) = 2*t**2 - 2*t + 1. Let w = -226 - -228. What is n(w)?
5
Let i(l) = l**3 - 5*l**2 + 6*l - 1. Let o be i(4). Suppose -40 - 232 = -8*f. Let c(j) = -f*j - 31*j - 8*j**2 + j**3 + 73*j - 3. Give c(o).
4
Let u(n) = 5*n - 63. Let s be u(13). Let q(f) = 14 - f - f**3 - 20*f**2 - 11 + 23*f**s. What is q(3)?
0
Let o be 34*6/(-33) + (-18)/(-99). Let m(w) = w**2 + 8*w - 4. Calculate m(o).
-16
Let r(x) = -18*x - 15. Let i(g) = -287*g - 245. Let l(d) = 3*i(d) - 49*r(d). Calculate l(-1).
-21
Let t(y) be the third derivative of -y**6/120 + y**5/5 - y**4/12 + 37*y**3/6 + 78*y**2. Give t(12).
13
Suppose 4*f + 4*b - 4 = -0, 3*f + b = 5. Let v(l) = 19*l + 2 + l**f - 16*l - 10*l. Let n = 8 - 3. Calculate v(n).
-8
Let q(n) = 7 + 3*n**2 - 2*n**2 + 20*n - 4 + 2 - 10*n. Determine q(-8).
-11
Let g(w) be the first derivative of w**4/4 + 7*w**3/3 + 7*w**2/2 + 5*w + 1. Suppose -3*l - 31 = -481. Let i = -156 + l. What is g(i)?
-1
Let b be ((-6)/(-15) - (-12)/10)*-20. Let z = 28 + b. Let q(g) = g**2 + g - 3. Give q(z).
9
Let m(o) be the first derivative of o**3/3 - 15*o**2/2 + 42*o + 803. What is m(11)?
-2
Let p(z) = -z**2 + 4*z + 42. Let g be p(-5). Let o be (10 - (2 - 1)) + -2. Let r(l) = 2 - 3*l - l**2 + 1 - o. Give r(g).
-4
Let l be 6 - (-2 + (3 - 0)). Let a(x) = x**3 - 3*x**2 - x + 7. Calculate a(l).
52
Suppose -11*k + 2*n + 10 = -9*k, -4*k + 18 = -2*n. Let o(h) be the second derivative of 1/20*h**5 - h**2 - 1/6*h**3 + 1/6*h**k + 0 - 2*h. Determine o(-2).
0
Let d(c) = 3 + 1577*c - 1578*c - 5. Give d(1).
-3
Suppose 7*o - 9 - 40 = 0. Let h(y) = y**2 - 6*y - 13. Calculate h(o).
-6
Let p(v) = 4*v**2 + 372*v - 4*v**2 + v**2 - 1 - 360*v. Calculate p(-12).
-1
Let y(p) be the first derivative of -p**3/3 + 8*p**2 - 55*p + 398. What is y(10)?
5
Suppose 4*r = f + 18, -2*r = -0*r - 6. Let p(z) = z + 5. Let i be p(f). Let x(b) = 6*b**2 - 8*b - 1 - b**2 + 7*b. What is x(i)?
5
Let n(i) = -6 - 3 + 3 + 9*i + 0. Give n(4).
30
Let x be 1*((-72)/(-3))/3. Let c(s) = -x + 0*s - 2*s - 3 + 3. Suppose 93 - 21 = -9*b. What is c(b)?
8
Let z be (-1460)/(-219)*(-6)/(-5). Let b(q) = q**3 - 8*q**2 + q - 5. Give b(z).
3
Let q(d) = d**2 - 3*d - 1. Suppose 3*i - 6*i = -9. Suppose 7 = 5*t - 3. Suppose t*g = 5*b - 0*b, 2*g = -i*b + 16. Determine q(g).
9
Suppose 16 = 2*b + 2*n, 2*b + n - 31 = -4*n. Let o(u) = -4 + 2 + 1 + 3 + b*u. Let f be 12/20 + 66/(-10). Calculate o(f).
-16
Let t(u) = -2*u**2 - u + 3. Let h(v) = -3*v**3 + 17*v**2 + v + 10. Let w(p) = 2*p**3 - 15*p**2 - p - 9. Let a(b) = -3*h(b) - 4*w(b). Let q be a(-9). Give t(q).
-12
Let n = 47 - 47. Let a(g) = 5*g**3 - 5*g**2 + 11*g + 6. Let b(q) = q**3 - q**2 + 2*q + 1. Let d(r) = a(r) - 6*b(r). Give d(n).
0
Suppose -4*x + 412 = 440. Let s(f) be the first derivative of -f**3/3 - f**2 + 6*f + 30. Calculate s(x).
-29
Let o(d) = 10*d + 2. Let p be (-1 - 1) + 0/(-5). Give o(p).
-18
Suppose 2*m = 5*d, -d - 5 - 3 = -2*m. Let t(l) be the first derivative of l**2/2 - 11*l - 17. Give t(m).
-6
Let g(s) = -5*s + 1. Let j be 2/(-10) + 42/35. What is g(j)?
-4
Let w(o) = o**2 + 25*o - 82. Let u be w(3). Let y(c) be the first derivative of -u*c - 1/3*c**3 + 9 - 3*c**2. Determine y(-4).
6
Let v(w) be the first derivative of 5*w - 1/3*w**3 + 7/2*w**2 + 7. Determine v(7).
5
Let c(p) = -5*p**2 + 0*p**2 + 6*p**2 - 7*p - 5 + 11. Give c(4).
-6
Let z(g) = -2*g + 4*g + g + 50 - 42. What is z(-7)?
-13
Suppose k - 3*k + 8 = 0. Let j(d) = 2*d - 1 - 4*d + k*d - 3*d. Let p = 64 - 58. Give j(p).
-7
Let a(p) be the first derivative of -1/2*p**2 + 1/24*p**4 - 1/120*p**6 + 1/60*p**5 - 1/3*p**3 + 6 + 0*p. Let j(g) be the second derivative of a(g). Give j(-2).
8
Let r(g) = g**3 + g**2 - 13. Suppose 3*s = -b - 12, 20 - 8 = 5*b - 3*s. Determine r(b).
-13
Let a(z) = z + 37. Let f be 14/(-56) - 2/16*142. What is a(f)?
19
Let n(j) = j**3 + 4*j**2 - 8*j - 7. Let o = 41 + -28. Suppose -v - o = 3*a, -5*v = a - 6*v + 7. Determine n(a).
8
Let f(y) = -y**3 - 14*y**2 + 11*y + 11. Let l = -221 - -206. Determine f(l).
71
Let q(h) = 4*h + h**2 + 0 - 4 - 1 + 2 - h**3. Let x be (-2)/((2/3)/(-1)). Determine q(x).
-9
Let g(i) = 14*i + 17. Let l(h) = -5*h - 6. Let f(u) = -4*g(u) - 11*l(u). What is f(-7)?
5
Suppose 10 = 3*m - m. Let t(v) = 4*v - 7. Let h(a) = 2*a - 3. Let j(z) = -5*h(z) + 2*t(z). Give j(m).
-9
Let j(i) = 4*i**2 - 12. Let o(a) = -3*a**2 + a + 12. Let n(s) = 4*j(s) + 5*o(s). Calculate n(-4).
8
Let z(w) = -17*w - 1. Let f be (-21)/(-6)*40/14. Let o be 12 - f - (2 - (1 + 0)). Determine z(o).
-18
Let l(i) = i**2 + i + 4. Suppose -6*s + 6 = -3*s - 3*y, 5*s - 40 = -5*y. Suppose -2*b - 6 = 5*r, 0*r + 15 = -5*b + s*r. Determine l(b).
10
Let d(n) be the first derivative of -1/4*n**4 + 5*n**2 + 3*n - 7 + 3*n**3. What is d(10)?
3
Suppose -u + 6 = u. Let a(g) = -g**2 - 22*g - 7. Let q be a(-21). Let b(d) = -6 + q - 2*d - 6. Calculate b(u).
-4
Let h(k) = -6*k + 2. Let w = 1548 + -1547. Give h(w).
-4
Suppose -34 = -x - 7. Let o(l) = 4*l**2 + 9*l + 5. Let u be o(-2). Suppose b = -b - 5*h - x, 4*b - 11 = u*h. Let y(i) = 3*i. Calculate y(b).
-3
Let k(n) = -49*n + 1. Suppose -5 = 5*d, -3*i - 5*d + 1 = -3*d. Calculate k(i).
-48
Let r(i) = 2*i + 2. Let n = -9 + 17. Let a(k) = -k**2 - 1. Let o(g) = -g**2 - 7*